2 = -8. Let g(t) = t + 22 - 29 + w*t. What is the tens digit of g(15)?
8
Suppose 65*l - 506 = -24*l + 6169. Let h be -4*(-1 - (-25)/2). Let i = l + h. What is the units digit of i?
9
Let n(c) = -727*c - 360. What is the tens digit of n(-5)?
7
Let s(l) = 54*l**2 + 11*l - 66. What is the hundreds digit of s(11)?
5
What is the ten thousands digit of 229008/192*(-17)/((-17)/36)?
4
Let j be ((-42)/(-12))/((-2)/164). Let b = j + 446. What is the tens digit of b?
5
Let m(h) be the first derivative of -2*h**2 + 19*h + 27. Let w be m(5). What is the tens digit of (471/(-6))/w - (-2)/4?
7
Let w be -9*(-3)/2*(-388)/(-6). Let f = 2172 - w. What is the units digit of f?
9
Let v(p) = -851*p - 1302. What is the thousands digit of v(-31)?
5
Suppose 725712 - 531699 = 60*z - 1073907. What is the hundreds digit of z?
1
Let m(a) = 61*a**2 + 22*a + 209. What is the hundreds digit of m(-12)?
7
Let c be (-1146)/((1/4)/(-1)*4). Suppose 7*x = 562 + c. What is the units digit of x?
4
Suppose w + 35 = 38. Suppose i - 3*i + 756 = 3*c, -5*i + w*c + 1869 = 0. What is the units digit of i?
5
Suppose 620*n - 625*n = -37775. What is the units digit of n?
5
Suppose 1746*j = 1635*j + 8520360. What is the hundreds digit of j?
7
Suppose 5*g + d = 6869 + 4474, -4*g + 9072 = 2*d. What is the hundreds digit of g?
2
Suppose 273 = 2*u - 253. Suppose 7*k - 4*k + 5*b - 769 = 0, -5*b = -k + u. What is the tens digit of k?
5
Suppose 2*n + 3*k - 129 = -2*n, -2*n + 3*k + 69 = 0. Let m = 69 - n. Suppose -l + 1 + m = 0. What is the tens digit of l?
3
Let u = -209 + 218. Suppose -518 = -n - 2*s, -3*n - 8*s + 1547 = -u*s. What is the units digit of n?
6
Suppose -h - 703 = -5*s - 2*h, -4*s + 554 = 5*h. Suppose -s - 23 = 2*c. What is the tens digit of 6*(c/(-12) - 3)?
2
Let d = -1538 - -4725. What is the units digit of d?
7
Suppose 185*w = -4*o + 189*w + 47792, 2*o + w - 23893 = 0. What is the units digit of o?
7
Suppose 0 = -129*c + 2330715 + 1538099 + 3141433. What is the thousands digit of c?
4
What is the hundreds digit of ((-1750)/(-12))/(122/3660)?
3
Suppose 5160 = 4*z - 3*x - x, 2579 = 2*z - 3*x. Let p = z + -918. What is the units digit of p?
3
Suppose 4*w - 8 = 0, 4*w = -0*k - 2*k + 1056. Suppose -2*r + 1164 - k = 0. What is the hundreds digit of r?
3
Suppose 2*w - 13 = -5*s, -5*w = -3*s + 14 - 0. Let a = 114 + -110. Suppose -634 = -a*r - r + 4*p, s*r + 3*p - 375 = 0. What is the tens digit of r?
2
Let i = 3999 - 2966. What is the thousands digit of i?
1
Let o(b) = 330*b + 132. Let n be o(10). Suppose 0 = -37*c + 4*c + n. What is the tens digit of c?
0
Let b = -38 + 85. Suppose 3*y - 2*y = b. Let u = 72 - y. What is the tens digit of u?
2
Suppose -28 = -2*r - 2*p + 7*p, -4*r + 74 = -p. Suppose 3*b + m + 41 = -m, -2*m = b + r. Let o(q) = -q**3 - 11*q**2 - 8*q + 1. What is the tens digit of o(b)?
8
Suppose -35 = 56*u - 61*u, i - 31855 = 4*u. What is the thousands digit of i?
1
Let q(s) be the first derivative of -s**4/6 + 17*s**3/6 + 2*s**2 + 6. Let c(z) be the second derivative of q(z). What is the tens digit of c(-8)?
4
Suppose -6*j - 882 = -20*j. Let g = -38 + j. Suppose 3*s = -10 + g, -4*c - 2*s = -566. What is the hundreds digit of c?
1
Let g be 1/(((-4)/(-4))/10). Suppose -g*x - 224 = -14*x. Let o = -35 + x. What is the units digit of o?
1
Let o = -794 + 18375. What is the ten thousands digit of o?
1
Suppose -t - 6*t = -21. Suppose -5*x + t*v - 2*v = -1194, -3*v = 2*x - 481. Let s = x - 80. What is the tens digit of s?
5
Let x be 2/(-5) + (-5 - 246/(-15)). Let k(q) = 11*q - 12. What is the hundreds digit of k(x)?
1
Let d = 246 + -237. Suppose 3*k + 1124 = 2*r, -14*r + 4*k + 2817 = -d*r. What is the units digit of r?
5
Let x(w) = 12*w**2 - 5*w - 10. Suppose 2*r + 8 = b - 5*b, 2*b + 2*r = 0. Let p be x(b). Let u = -25 + p. What is the units digit of u?
7
Suppose -47*f + 88*f - 3179572 = -86*f. What is the units digit of f?
6
Let u(o) = -2*o - 16. Let z be u(-8). Suppose 2*b - 6*b + 588 = 2*r, z = 2*r + 2*b - 594. Suppose -f = -6*f + r. What is the units digit of f?
0
Let u(k) be the third derivative of -k**4/8 + 17*k**3/6 + 35*k**2. Let a be u(5). Suppose -a*z + 534 = 4*z. What is the units digit of z?
9
Let d be (-135 + 15/5)*28/16. Let n = 235 + d. What is the units digit of n?
4
Let p(k) = 7263*k**3 + 3*k**2 + 19*k - 20. What is the tens digit of p(1)?
6
Let p = 1981 + 10. What is the units digit of p?
1
Suppose -4*s + 5*q - 128 + 45 = 0, 111 = -5*s - q. Let p(r) = -63*r - 141. What is the thousands digit of p(s)?
1
Let c(n) = -8*n**2 - 3*n - 1. Let g be c(4). Let v = 101 + g. Let h = v - -70. What is the tens digit of h?
3
Suppose 185 = 4*g + 1233. Let a = g - -699. What is the hundreds digit of a?
4
Let f be (-15)/(45/(-4224)) + 9/(-3). Suppose -6*b + 2561 = -f. What is the units digit of b?
1
Suppose -10*y = -14*y + 8. Let t = -282 - y. What is the hundreds digit of (t/6)/((-14)/42)?
1
What is the units digit of (-57796)/(-7)*4305/1230?
8
Let z = 563 - -4186. What is the hundreds digit of z?
7
Let c(w) = 6*w**3 + w**2 - w - 1. Let y be c(1). Suppose -4*z + 613 = 3*q - 8*z, y*z + 404 = 2*q. What is the hundreds digit of q?
2
Let m = -23 - -12. Suppose -3*d - 2*l = 187, 25 + 83 = -2*d + 2*l. Let g = m - d. What is the tens digit of g?
4
Suppose -27*s + 472725 = 6*s. What is the tens digit of s?
2
Suppose -2*p + 6 = -3*g - 13, -5*g = -3*p + 31. Suppose -p*a + 3*c = -1903, a + a - 1908 = 2*c. What is the tens digit of a?
5
Suppose 5*s = -118 - 142. What is the hundreds digit of -5 + 26/((s/(-112))/13)?
7
Let v be ((-39)/(-15) + (2 - 5))*-60. Suppose -5*i + v = -21. Let b(z) = -z**3 + 12*z**2 - 18*z. What is the units digit of b(i)?
1
Let b = 47388 - 24816. What is the ten thousands digit of b?
2
Let s(u) = -1315*u - 76. Let o be s(3). Let x = -2471 - o. What is the tens digit of x?
5
Let n(d) be the first derivative of d**4/4 + 23*d**3/3 + 19*d**2/2 - 19*d - 45. What is the units digit of n(-22)?
7
Let k(a) = 409*a + 225. What is the tens digit of k(11)?
2
Suppose l = 7*l - 54. Suppose l*n - 3335 = 2326. What is the units digit of n?
9
Suppose -581*u + 19656 = -575*u. What is the tens digit of u?
7
Suppose -f = 2 - 0, -2*f + 23 = 3*m. Suppose -4*a = -6*a + 50. Let c = a - m. What is the tens digit of c?
1
Let n(m) = -2*m**3 - m**3 + 12 + 0*m - 10*m**2 - 2*m + 2*m**3. Let t be n(-10). Suppose -v - t = -s, 3*v = -2*v - 20. What is the tens digit of s?
2
Suppose -747*z = -745*z - 4, -4*l + 2*z = -33564. What is the thousands digit of l?
8
Suppose 9*b = 4*b - 215. Let x = b + -73. Let z = -24 - x. What is the units digit of z?
2
Let l = -50 + 218. What is the hundreds digit of (-2054)/(-5) + 5 + l/(-35)?
4
Suppose -4*p + v + 9 = 0, -p + 0*v - 3 = -2*v. Suppose -p*i = -578 + 236. What is the units digit of i?
4
Suppose -2 = 3*k - m, -8 = 4*k + k - 4*m. Suppose -10*w + 0*w + 30 = k. Suppose -l + w*s + 37 = -136, -4*l + 718 = s. What is the units digit of l?
9
What is the ten thousands digit of (-3824578)/(-290) + (-2)/10 - 3*-2?
1
Let o(c) = c**2 + 6*c + 33. Let y be o(11). Let r = 276 - y. What is the units digit of r?
6
Suppose 5*n - 6 = 2*n, -n = -a + 16. What is the tens digit of 20112/60 + a/(-15)?
3
Let c(n) = -2*n**3 + 113*n**2 - 333*n + 3. What is the thousands digit of c(51)?
1
Suppose g + 176 = -3*n, 0 = 3*n - n - 4*g + 136. Let p = -85 - n. Let q = p + 153. What is the tens digit of q?
2
Let c be (-16)/40 - 51/(-15). Suppose -3*j - 159 = -c*y, 3*y + 2*j = 62 + 102. Let g = 113 - y. What is the tens digit of g?
5
Suppose 4*f - 62 = -5*x, -2*x + 6 = -3*f - 5. What is the tens digit of (2 - (-1304)/x)/(106/265)?
3
Let f(s) = -3*s**2 + 3*s + 48 + 38 + 5*s**2 - 75. What is the units digit of f(-10)?
1
What is the units digit of 1002/12*4*1?
4
Let s = -391 - -623. Let i = s - -283. What is the units digit of i?
5
Let j be (5 + 0 + -3 - -317) + -1. Let f = -47 + j. What is the tens digit of f?
7
Let v = 72 + -87. Let g be v + ((-1)/4 - (-52)/16). What is the tens digit of (365/10 + -2)*g/(-9)?
4
Let z = -1 + 3. Suppose 11*k - 7*k - 2608 = -c, z*k - 7844 = -3*c. Suppose 3*p + c = 15*p. What is the units digit of p?
8
Let s(w) = -19*w**2 + 88*w - 48. Let o be s(4). Let i(v) = -7*v - 156. Let h(c) = -c. Let u(k) = 5*h(k) - i(k). What is the units digit of u(o)?
6
Let f be (-1)/2 - 11